{"id":1758,"date":"2025-07-04T10:04:25","date_gmt":"2025-07-04T07:04:25","guid":{"rendered":"https:\/\/kontserdimaja.ee\/uritused\/dark-side-of-the-moon-the-wall-in-concert\/"},"modified":"2025-07-04T23:07:37","modified_gmt":"2025-07-04T20:07:37","slug":"dark-side-of-the-moon-the-wall-in-concert","status":"publish","type":"uritused","link":"https:\/\/kontserdimaja.ee\/en\/uritused\/dark-side-of-the-moon-the-wall-in-concert\/","title":{"rendered":"Dark Side of The Moon &#038; The Wall \u2013 In Concert"},"featured_media":1448,"template":"","meta":{"_acf_changed":false,"_monsterinsights_skip_tracking":false,"_monsterinsights_sitenote_active":false,"_monsterinsights_sitenote_note":"","_monsterinsights_sitenote_category":0},"class_list":["post-1758","uritused","type-uritused","status-publish","has-post-thumbnail","hentry"],"acf":[],"yoast_head":"<!-- This site is optimized with the Yoast SEO plugin v27.3 - https:\/\/yoast.com\/product\/yoast-seo-wordpress\/ -->\n<title>\u00dcritused Alexela Kontserdimajas | Kontserdid, Teater ja Konverentsid Tallinnas<\/title>\n<meta name=\"description\" content=\"Avasta k\u00f5ik peatselt toimuvad \u00fcritused Tallinna Alexela Kontserdimajas \u2013 kontserdid, teatrietendused, festivalid ja konverentsid \u00fches tippsaalis.\" \/>\n<meta name=\"robots\" content=\"index, follow, max-snippet:-1, max-image-preview:large, max-video-preview:-1\" \/>\n<link rel=\"canonical\" href=\"https:\/\/kontserdimaja.ee\/uritused\/dark-side-of-the-moon-the-wall-in-concert\/\" \/>\n<meta property=\"og:locale\" content=\"en_US\" \/>\n<meta property=\"og:type\" content=\"article\" \/>\n<meta property=\"og:title\" content=\"\u00dcritused Alexela Kontserdimajas | Kontserdid, Teater ja Konverentsid Tallinnas\" \/>\n<meta property=\"og:description\" content=\"Avasta k\u00f5ik peatselt toimuvad \u00fcritused Tallinna Alexela Kontserdimajas \u2013 kontserdid, teatrietendused, festivalid ja konverentsid \u00fches tippsaalis.\" \/>\n<meta property=\"og:url\" content=\"https:\/\/kontserdimaja.ee\/uritused\/dark-side-of-the-moon-the-wall-in-concert\/\" \/>\n<meta property=\"og:site_name\" content=\"Alexela Kontserdimaja\" \/>\n<meta property=\"article:modified_time\" content=\"2025-07-04T20:07:37+00:00\" \/>\n<meta property=\"og:image\" content=\"https:\/\/kontserdimaja.ee\/wp-content\/uploads\/2025\/07\/Dark-Side-of-the-moon.jpeg\" \/>\n\t<meta property=\"og:image:width\" content=\"498\" \/>\n\t<meta property=\"og:image:height\" content=\"717\" \/>\n\t<meta property=\"og:image:type\" content=\"image\/jpeg\" \/>\n<meta name=\"twitter:card\" content=\"summary_large_image\" \/>\n<meta name=\"twitter:label1\" content=\"Est. reading time\" \/>\n\t<meta name=\"twitter:data1\" content=\"1 minute\" \/>\n<script type=\"application\/ld+json\" class=\"yoast-schema-graph\">{\"@context\":\"https:\\\/\\\/schema.org\",\"@graph\":[{\"@type\":\"WebPage\",\"@id\":\"https:\\\/\\\/kontserdimaja.ee\\\/uritused\\\/dark-side-of-the-moon-the-wall-in-concert\\\/\",\"url\":\"https:\\\/\\\/kontserdimaja.ee\\\/uritused\\\/dark-side-of-the-moon-the-wall-in-concert\\\/\",\"name\":\"\u00dcritused Alexela Kontserdimajas | Kontserdid, Teater ja Konverentsid Tallinnas\",\"isPartOf\":{\"@id\":\"https:\\\/\\\/kontserdimaja.ee\\\/#website\"},\"primaryImageOfPage\":{\"@id\":\"https:\\\/\\\/kontserdimaja.ee\\\/uritused\\\/dark-side-of-the-moon-the-wall-in-concert\\\/#primaryimage\"},\"image\":{\"@id\":\"https:\\\/\\\/kontserdimaja.ee\\\/uritused\\\/dark-side-of-the-moon-the-wall-in-concert\\\/#primaryimage\"},\"thumbnailUrl\":\"https:\\\/\\\/www.kontserdimaja.ee\\\/wp-content\\\/uploads\\\/2025\\\/07\\\/Dark-Side-of-the-moon.jpeg\",\"datePublished\":\"2025-07-04T07:04:25+00:00\",\"dateModified\":\"2025-07-04T20:07:37+00:00\",\"description\":\"Avasta k\u00f5ik peatselt toimuvad \u00fcritused Tallinna Alexela Kontserdimajas \u2013 kontserdid, teatrietendused, festivalid ja konverentsid \u00fches tippsaalis.\",\"breadcrumb\":{\"@id\":\"https:\\\/\\\/kontserdimaja.ee\\\/uritused\\\/dark-side-of-the-moon-the-wall-in-concert\\\/#breadcrumb\"},\"inLanguage\":\"en-US\",\"potentialAction\":[{\"@type\":\"ReadAction\",\"target\":[\"https:\\\/\\\/kontserdimaja.ee\\\/uritused\\\/dark-side-of-the-moon-the-wall-in-concert\\\/\"]}]},{\"@type\":\"ImageObject\",\"inLanguage\":\"en-US\",\"@id\":\"https:\\\/\\\/kontserdimaja.ee\\\/uritused\\\/dark-side-of-the-moon-the-wall-in-concert\\\/#primaryimage\",\"url\":\"https:\\\/\\\/www.kontserdimaja.ee\\\/wp-content\\\/uploads\\\/2025\\\/07\\\/Dark-Side-of-the-moon.jpeg\",\"contentUrl\":\"https:\\\/\\\/www.kontserdimaja.ee\\\/wp-content\\\/uploads\\\/2025\\\/07\\\/Dark-Side-of-the-moon.jpeg\",\"width\":498,\"height\":717},{\"@type\":\"BreadcrumbList\",\"@id\":\"https:\\\/\\\/kontserdimaja.ee\\\/uritused\\\/dark-side-of-the-moon-the-wall-in-concert\\\/#breadcrumb\",\"itemListElement\":[{\"@type\":\"ListItem\",\"position\":1,\"name\":\"Home\",\"item\":\"https:\\\/\\\/kontserdimaja.ee\\\/en\\\/\"},{\"@type\":\"ListItem\",\"position\":2,\"name\":\"\u00dcritused\",\"item\":\"https:\\\/\\\/kontserdimaja.ee\\\/uritused\\\/\"},{\"@type\":\"ListItem\",\"position\":3,\"name\":\"Dark Side of The Moon &#038; The Wall \u2013 In Concert\"}]},{\"@type\":\"WebSite\",\"@id\":\"https:\\\/\\\/kontserdimaja.ee\\\/#website\",\"url\":\"https:\\\/\\\/kontserdimaja.ee\\\/\",\"name\":\"Alexela Kontserdimaja\",\"description\":\"Alexela Kontserdimaja on Baltikumi suurim kontserdisaal. Esinduslikus saalis on istekohti kuni 1829 k\u00fclastajale!\",\"publisher\":{\"@id\":\"https:\\\/\\\/kontserdimaja.ee\\\/#organization\"},\"potentialAction\":[{\"@type\":\"SearchAction\",\"target\":{\"@type\":\"EntryPoint\",\"urlTemplate\":\"https:\\\/\\\/kontserdimaja.ee\\\/?s={search_term_string}\"},\"query-input\":{\"@type\":\"PropertyValueSpecification\",\"valueRequired\":true,\"valueName\":\"search_term_string\"}}],\"inLanguage\":\"en-US\"},{\"@type\":\"Organization\",\"@id\":\"https:\\\/\\\/kontserdimaja.ee\\\/#organization\",\"name\":\"Alexela Kontserdimaja\",\"url\":\"https:\\\/\\\/kontserdimaja.ee\\\/\",\"logo\":{\"@type\":\"ImageObject\",\"inLanguage\":\"en-US\",\"@id\":\"https:\\\/\\\/kontserdimaja.ee\\\/#\\\/schema\\\/logo\\\/image\\\/\",\"url\":\"https:\\\/\\\/www.kontserdimaja.ee\\\/wp-content\\\/uploads\\\/2024\\\/12\\\/cropped-kontserdimaja.png\",\"contentUrl\":\"https:\\\/\\\/www.kontserdimaja.ee\\\/wp-content\\\/uploads\\\/2024\\\/12\\\/cropped-kontserdimaja.png\",\"width\":1689,\"height\":408,\"caption\":\"Alexela Kontserdimaja\"},\"image\":{\"@id\":\"https:\\\/\\\/kontserdimaja.ee\\\/#\\\/schema\\\/logo\\\/image\\\/\"}}]}<\/script>\n<!-- \/ Yoast SEO plugin. -->","yoast_head_json":{"title":"\u00dcritused Alexela Kontserdimajas | Kontserdid, Teater ja Konverentsid Tallinnas","description":"Avasta k\u00f5ik peatselt toimuvad \u00fcritused Tallinna Alexela Kontserdimajas \u2013 kontserdid, teatrietendused, festivalid ja konverentsid \u00fches tippsaalis.","robots":{"index":"index","follow":"follow","max-snippet":"max-snippet:-1","max-image-preview":"max-image-preview:large","max-video-preview":"max-video-preview:-1"},"canonical":"https:\/\/kontserdimaja.ee\/uritused\/dark-side-of-the-moon-the-wall-in-concert\/","og_locale":"en_US","og_type":"article","og_title":"\u00dcritused Alexela Kontserdimajas | Kontserdid, Teater ja Konverentsid Tallinnas","og_description":"Avasta k\u00f5ik peatselt toimuvad \u00fcritused Tallinna Alexela Kontserdimajas \u2013 kontserdid, teatrietendused, festivalid ja konverentsid \u00fches tippsaalis.","og_url":"https:\/\/kontserdimaja.ee\/uritused\/dark-side-of-the-moon-the-wall-in-concert\/","og_site_name":"Alexela Kontserdimaja","article_modified_time":"2025-07-04T20:07:37+00:00","og_image":[{"width":498,"height":717,"url":"https:\/\/kontserdimaja.ee\/wp-content\/uploads\/2025\/07\/Dark-Side-of-the-moon.jpeg","type":"image\/jpeg"}],"twitter_card":"summary_large_image","twitter_misc":{"Est. reading time":"1 minute"},"schema":{"@context":"https:\/\/schema.org","@graph":[{"@type":"WebPage","@id":"https:\/\/kontserdimaja.ee\/uritused\/dark-side-of-the-moon-the-wall-in-concert\/","url":"https:\/\/kontserdimaja.ee\/uritused\/dark-side-of-the-moon-the-wall-in-concert\/","name":"\u00dcritused Alexela Kontserdimajas | Kontserdid, Teater ja Konverentsid Tallinnas","isPartOf":{"@id":"https:\/\/kontserdimaja.ee\/#website"},"primaryImageOfPage":{"@id":"https:\/\/kontserdimaja.ee\/uritused\/dark-side-of-the-moon-the-wall-in-concert\/#primaryimage"},"image":{"@id":"https:\/\/kontserdimaja.ee\/uritused\/dark-side-of-the-moon-the-wall-in-concert\/#primaryimage"},"thumbnailUrl":"https:\/\/www.kontserdimaja.ee\/wp-content\/uploads\/2025\/07\/Dark-Side-of-the-moon.jpeg","datePublished":"2025-07-04T07:04:25+00:00","dateModified":"2025-07-04T20:07:37+00:00","description":"Avasta k\u00f5ik peatselt toimuvad \u00fcritused Tallinna Alexela Kontserdimajas \u2013 kontserdid, teatrietendused, festivalid ja konverentsid \u00fches tippsaalis.","breadcrumb":{"@id":"https:\/\/kontserdimaja.ee\/uritused\/dark-side-of-the-moon-the-wall-in-concert\/#breadcrumb"},"inLanguage":"en-US","potentialAction":[{"@type":"ReadAction","target":["https:\/\/kontserdimaja.ee\/uritused\/dark-side-of-the-moon-the-wall-in-concert\/"]}]},{"@type":"ImageObject","inLanguage":"en-US","@id":"https:\/\/kontserdimaja.ee\/uritused\/dark-side-of-the-moon-the-wall-in-concert\/#primaryimage","url":"https:\/\/www.kontserdimaja.ee\/wp-content\/uploads\/2025\/07\/Dark-Side-of-the-moon.jpeg","contentUrl":"https:\/\/www.kontserdimaja.ee\/wp-content\/uploads\/2025\/07\/Dark-Side-of-the-moon.jpeg","width":498,"height":717},{"@type":"BreadcrumbList","@id":"https:\/\/kontserdimaja.ee\/uritused\/dark-side-of-the-moon-the-wall-in-concert\/#breadcrumb","itemListElement":[{"@type":"ListItem","position":1,"name":"Home","item":"https:\/\/kontserdimaja.ee\/en\/"},{"@type":"ListItem","position":2,"name":"\u00dcritused","item":"https:\/\/kontserdimaja.ee\/uritused\/"},{"@type":"ListItem","position":3,"name":"Dark Side of The Moon &#038; The Wall \u2013 In Concert"}]},{"@type":"WebSite","@id":"https:\/\/kontserdimaja.ee\/#website","url":"https:\/\/kontserdimaja.ee\/","name":"Alexela Kontserdimaja","description":"Alexela Kontserdimaja on Baltikumi suurim kontserdisaal. Esinduslikus saalis on istekohti kuni 1829 k\u00fclastajale!","publisher":{"@id":"https:\/\/kontserdimaja.ee\/#organization"},"potentialAction":[{"@type":"SearchAction","target":{"@type":"EntryPoint","urlTemplate":"https:\/\/kontserdimaja.ee\/?s={search_term_string}"},"query-input":{"@type":"PropertyValueSpecification","valueRequired":true,"valueName":"search_term_string"}}],"inLanguage":"en-US"},{"@type":"Organization","@id":"https:\/\/kontserdimaja.ee\/#organization","name":"Alexela Kontserdimaja","url":"https:\/\/kontserdimaja.ee\/","logo":{"@type":"ImageObject","inLanguage":"en-US","@id":"https:\/\/kontserdimaja.ee\/#\/schema\/logo\/image\/","url":"https:\/\/www.kontserdimaja.ee\/wp-content\/uploads\/2024\/12\/cropped-kontserdimaja.png","contentUrl":"https:\/\/www.kontserdimaja.ee\/wp-content\/uploads\/2024\/12\/cropped-kontserdimaja.png","width":1689,"height":408,"caption":"Alexela Kontserdimaja"},"image":{"@id":"https:\/\/kontserdimaja.ee\/#\/schema\/logo\/image\/"}}]}},"_links":{"self":[{"href":"https:\/\/kontserdimaja.ee\/en\/wp-json\/wp\/v2\/uritused\/1758","targetHints":{"allow":["GET"]}}],"collection":[{"href":"https:\/\/kontserdimaja.ee\/en\/wp-json\/wp\/v2\/uritused"}],"about":[{"href":"https:\/\/kontserdimaja.ee\/en\/wp-json\/wp\/v2\/types\/uritused"}],"version-history":[{"count":1,"href":"https:\/\/kontserdimaja.ee\/en\/wp-json\/wp\/v2\/uritused\/1758\/revisions"}],"predecessor-version":[{"id":1773,"href":"https:\/\/kontserdimaja.ee\/en\/wp-json\/wp\/v2\/uritused\/1758\/revisions\/1773"}],"wp:featuredmedia":[{"embeddable":true,"href":"https:\/\/kontserdimaja.ee\/en\/wp-json\/wp\/v2\/media\/1448"}],"wp:attachment":[{"href":"https:\/\/kontserdimaja.ee\/en\/wp-json\/wp\/v2\/media?parent=1758"}],"curies":[{"name":"wp","href":"https:\/\/api.w.org\/{rel}","templated":true}]}}

<!-- This site is optimized with the Yoast SEO plugin v27.3 - https://yoast.com/product/yoast-seo-wordpress/ -->
<title>Üritused Alexela Kontserdimajas | Kontserdid, Teater ja Konverentsid Tallinnas</title>
<meta name="description" content="Avasta kõik peatselt toimuvad üritused Tallinna Alexela Kontserdimajas – kontserdid, teatrietendused, festivalid ja konverentsid ühes tippsaalis." />
<meta name="robots" content="index, follow, max-snippet:-1, max-image-preview:large, max-video-preview:-1" />
<link rel="canonical" href="https://kontserdimaja.ee/uritused/dark-side-of-the-moon-the-wall-in-concert/" />
<meta property="og:locale" content="en_US" />
<meta property="og:type" content="article" />
<meta property="og:title" content="Üritused Alexela Kontserdimajas | Kontserdid, Teater ja Konverentsid Tallinnas" />
<meta property="og:description" content="Avasta kõik peatselt toimuvad üritused Tallinna Alexela Kontserdimajas – kontserdid, teatrietendused, festivalid ja konverentsid ühes tippsaalis." />
<meta property="og:url" content="https://kontserdimaja.ee/uritused/dark-side-of-the-moon-the-wall-in-concert/" />
<meta property="og:site_name" content="Alexela Kontserdimaja" />
<meta property="article:modified_time" content="2025-07-04T20:07:37+00:00" />
<meta property="og:image" content="https://kontserdimaja.ee/wp-content/uploads/2025/07/Dark-Side-of-the-moon.jpeg" />
	<meta property="og:image:width" content="498" />
	<meta property="og:image:height" content="717" />
	<meta property="og:image:type" content="image/jpeg" />
<meta name="twitter:card" content="summary_large_image" />
<meta name="twitter:label1" content="Est. reading time" />
	<meta name="twitter:data1" content="1 minute" />
<script type="application/ld+json" class="yoast-schema-graph">{"@context":"https:\/\/schema.org","@graph":[{"@type":"WebPage","@id":"https:\/\/kontserdimaja.ee\/uritused\/dark-side-of-the-moon-the-wall-in-concert\/","url":"https:\/\/kontserdimaja.ee\/uritused\/dark-side-of-the-moon-the-wall-in-concert\/","name":"Üritused Alexela Kontserdimajas | Kontserdid, Teater ja Konverentsid Tallinnas","isPartOf":{"@id":"https:\/\/kontserdimaja.ee\/#website"},"primaryImageOfPage":{"@id":"https:\/\/kontserdimaja.ee\/uritused\/dark-side-of-the-moon-the-wall-in-concert\/#primaryimage"},"image":{"@id":"https:\/\/kontserdimaja.ee\/uritused\/dark-side-of-the-moon-the-wall-in-concert\/#primaryimage"},"thumbnailUrl":"https:\/\/www.kontserdimaja.ee\/wp-content\/uploads\/2025\/07\/Dark-Side-of-the-moon.jpeg","datePublished":"2025-07-04T07:04:25+00:00","dateModified":"2025-07-04T20:07:37+00:00","description":"Avasta kõik peatselt toimuvad üritused Tallinna Alexela Kontserdimajas – kontserdid, teatrietendused, festivalid ja konverentsid ühes tippsaalis.","breadcrumb":{"@id":"https:\/\/kontserdimaja.ee\/uritused\/dark-side-of-the-moon-the-wall-in-concert\/#breadcrumb"},"inLanguage":"en-US","potentialAction":[{"@type":"ReadAction","target":["https:\/\/kontserdimaja.ee\/uritused\/dark-side-of-the-moon-the-wall-in-concert\/"]}]},{"@type":"ImageObject","inLanguage":"en-US","@id":"https:\/\/kontserdimaja.ee\/uritused\/dark-side-of-the-moon-the-wall-in-concert\/#primaryimage","url":"https:\/\/www.kontserdimaja.ee\/wp-content\/uploads\/2025\/07\/Dark-Side-of-the-moon.jpeg","contentUrl":"https:\/\/www.kontserdimaja.ee\/wp-content\/uploads\/2025\/07\/Dark-Side-of-the-moon.jpeg","width":498,"height":717},{"@type":"BreadcrumbList","@id":"https:\/\/kontserdimaja.ee\/uritused\/dark-side-of-the-moon-the-wall-in-concert\/#breadcrumb","itemListElement":[{"@type":"ListItem","position":1,"name":"Home","item":"https:\/\/kontserdimaja.ee\/en\/"},{"@type":"ListItem","position":2,"name":"Üritused","item":"https:\/\/kontserdimaja.ee\/uritused\/"},{"@type":"ListItem","position":3,"name":"Dark Side of The Moon &#038; The Wall – In Concert"}]},{"@type":"WebSite","@id":"https:\/\/kontserdimaja.ee\/#website","url":"https:\/\/kontserdimaja.ee\/","name":"Alexela Kontserdimaja","description":"Alexela Kontserdimaja on Baltikumi suurim kontserdisaal. Esinduslikus saalis on istekohti kuni 1829 külastajale!","publisher":{"@id":"https:\/\/kontserdimaja.ee\/#organization"},"potentialAction":[{"@type":"SearchAction","target":{"@type":"EntryPoint","urlTemplate":"https:\/\/kontserdimaja.ee\/?s={search_term_string}"},"query-input":{"@type":"PropertyValueSpecification","valueRequired":true,"valueName":"search_term_string"}}],"inLanguage":"en-US"},{"@type":"Organization","@id":"https:\/\/kontserdimaja.ee\/#organization","name":"Alexela Kontserdimaja","url":"https:\/\/kontserdimaja.ee\/","logo":{"@type":"ImageObject","inLanguage":"en-US","@id":"https:\/\/kontserdimaja.ee\/#\/schema\/logo\/image\/","url":"https:\/\/www.kontserdimaja.ee\/wp-content\/uploads\/2024\/12\/cropped-kontserdimaja.png","contentUrl":"https:\/\/www.kontserdimaja.ee\/wp-content\/uploads\/2024\/12\/cropped-kontserdimaja.png","width":1689,"height":408,"caption":"Alexela Kontserdimaja"},"image":{"@id":"https:\/\/kontserdimaja.ee\/#\/schema\/logo\/image\/"}}]}</script>
<!-- / Yoast SEO plugin. -->

Üritused Alexela Kontserdimajas | Kontserdid, Teater ja Konverentsid Tallinnas

Avasta kõik peatselt toimuvad üritused Tallinna Alexela Kontserdimajas – kontserdid, teatrietendused, festivalid ja konverentsid ühes tippsaalis.

Üritused

Alexela Kontserdimaja on Baltikumi suurim kontserdisaal. Esinduslikus saalis on istekohti kuni 1829 külastajale!
